e remainder when 7013 is divided by 78?
71
What is the remainder when 8579 is divided by 286?
285
Calculate the remainder when 249538 is divided by 2332.
14
What is the remainder when 3753 is divided by 154?
57
What is the remainder when 23048 is divided by 161?
25
Calculate the remainder when 5466 is divided by 659.
194
Calculate the remainder when 1331 is divided by 1306.
25
Calculate the remainder when 1905 is divided by 66.
57
What is the remainder when 142838 is divided by 49?
3
Calculate the remainder when 2321 is divided by 30.
11
Calculate the remainder when 32234 is divided by 4539.
461
What is the remainder when 49390 is divided by 12?
10
Calculate the remainder when 8889 is divided by 979.
78
What is the remainder when 69660 is divided by 299?
292
What is the remainder when 11697 is divided by 292?
17
What is the remainder when 2559 is divided by 1186?
187
What is the remainder when 14820 is divided by 181?
159
Calculate the remainder when 6737 is divided by 1622.
249
Calculate the remainder when 575497 is divided by 1111.
1110
What is the remainder when 3807 is divided by 82?
35
Calculate the remainder when 4459 is divided by 155.
119
Calculate the remainder when 14896 is divided by 2479.
22
What is the remainder when 37563 is divided by 9377?
55
Calculate the remainder when 33583 is divided by 12.
7
What is the remainder when 1233 is divided by 403?
24
What is the remainder when 17547 is divided by 1586?
101
What is the remainder when 151161 is divided by 34?
31
Calculate the remainder when 28142 is divided by 1082.
10
Calculate the remainder when 6048 is divided by 22.
20
Calculate the remainder when 134568 is divided by 178.
0
Calculate the remainder when 135850 is divided by 15.
10
Calculate the remainder when 95349 is divided by 58.
55
Calculate the remainder when 5457 is divided by 42.
39
What is the remainder when 5461 is divided by 156?
1
What is the remainder when 3005 is divided by 233?
209
Calculate the remainder when 9920 is divided by 234.
92
What is the remainder when 51210 is divided by 1964?
146
Calculate the remainder when 177992 is divided by 13.
9
What is the remainder when 3158 is divided by 200?
158
What is the remainder when 55219 is divided by 502?
501
What is the remainder when 143657 is divided by 28727?
22
Calculate the remainder when 10649 is divided by 5250.
149
Calculate the remainder when 33277 is divided by 27.
13
What is the remainder when 7596 is divided by 193?
69
What is the remainder when 72612 is divided by 3023?
60
Calculate the remainder when 81140 is divided by 123.
83
Calculate the remainder when 1612 is divided by 15.
7
What is the remainder when 29830 is divided by 70?
10
Calculate the remainder when 812 is divided by 364.
84
What is the remainder when 4114 is divided by 4101?
13
What is the remainder when 1075421 is divided by 7?
4
Calculate the remainder when 13792 is divided by 23.
15
What is the remainder when 31262 is divided by 15538?
186
Calculate the remainder when 310646 is divided by 950.
946
What is the remainder when 3347 is divided by 66?
47
What is the remainder when 2432 is divided by 222?
212
What is the remainder when 118315 is divided by 14788?
11
Calculate the remainder when 16164 is divided by 86.
82
What is the remainder when 122086 is divided by 54?
46
What is the remainder when 11173 is divided by 31?
13
Calculate the remainder when 368040 is divided by 52576.
8
Calculate the remainder when 9798 is divided by 1223.
14
Calculate the remainder when 19475 is divided by 238.
197
Calculate the remainder when 40926 is divided by 29.
7
What is the remainder when 17893 is divided by 74?
59
Calculate the remainder when 566143 is divided by 650.
643
What is the remainder when 427 is divided by 4?
3
Calculate the remainder when 25798 is divided by 737.
3
Calculate the remainder when 3034 is divided by 20.
14
What is the remainder when 12058 is divided by 47?
26
Calculate the remainder when 163 is divided by 20.
3
Calculate the remainder when 8180 is divided by 117.
107
What is the remainder when 1840893 is divided by 846?
843
Calculate the remainder when 1436 is divided by 10.
6
Calculate the remainder when 513350 is divided by 721.
719
Calculate the remainder when 10773 is divided by 467.
32
Calculate the remainder when 38036 is divided by 38014.
22
What is the remainder when 15589 is divided by 30?
19
What is the remainder when 267694 is divided by 31?
9
Calculate the remainder when 13736 is divided by 19.
18
Calculate the remainder when 88875 is divided by 224.
171
Calculate the remainder when 52478 is divided by 32.
30
What is the remainder when 152 is divided by 120?
32
Calculate the remainder when 5588 is divided by 641.
460
What is the remainder when 18295 is divided by 3572?
435
Calculate the remainder when 137367 is divided by 77.
76
Calculate the remainder when 230463 is divided by 61.
5
Calculate the remainder when 10738 is divided by 13.
0
What is the remainder when 1585 is divided by 98?
17
Calculate the remainder when 6625 is divided by 3220.
185
What is the remainder when 117855 is divided by 58925?
5
What is the remainder when 74355 is divided by 44?
39
What is the remainder when 2618 is divided by 20?
18
What is the remainder when 2846733 is divided by 212?
209
Calculate the remainder when 8435 is divided by 530.
485
What is the remainder when 5803 is divided by 55?
28
What is the remainder when 755201 is divided by 23?
19
Calculate the remainder when 652 is divided by 311.
30
Calculate the remainder when 11443 is divided by 154.
47
Calculate the remainder when 114679 is divided by 381.
379
Calculate the remainder when 159816 is divided by 26.
20
Calculate the remainder when 6344 is divided by 397.
389
Calculate the remainder when 40015 is divided by 24.
7
Calculate the remainder when 5870 is divided by 55.
40
What is the remainder when 12488 is divided by 546?
476
Calculate the remainder when 3466 is divided by 238.
134
What is the remainder when 487630 is divided by 487630?
0
Calculate the remainder when 985597 is divided by 176.
173
What is the remainder when 13135 is divided by 13074?
61
What is the remainder when 2664 is divided by 886?
6
What is the remainder when 8297 is divided by 259?
9
What is the remainder when 1609 is divided by 137?
102
What is the remainder when 25065 is divided by 1474?
7
Calculate the remainder when 15578 is divided by 96.
26
Calculate the remainder when 9242 is divided by 87.
20
What is the remainder when 2427 is divided by 806?
9
Calculate the remainder when 51683 is divided by 86.
83
What is the remainder when 62725 is divided by 90?
85
What is the remainder when 782 is divided by 222?
116
What is the remainder when 21118 is divided by 16?
14
What is the remainder when 510 is divided by 64?
62
Calculate the remainder when 96671 is divided by 1859.
3
What is the remainder when 11415 is divided by 4?
3
Calculate the remainder when 5500 is divided by 86.
82
Calculate the remainder when 19338 is divided by 26.
20
What is the remainder when 1793 is divided by 880?
33
Calculate the remainder when 4806 is divided by 660.
186
Calculate the remainder when 399005 is divided by 337.
334
Calculate the remainder when 14312 is divided by 333.
326
Calculate the remainder when 898516 is divided by 52853.
15
What is the remainder when 9073 is divided by 41?
12
What is the remainder when 34401 is divided by 1042?
15
What is the remainder when 17075 is divided by 161?
9
Calculate the remainder when 5356 is divided by 1784.
4
What is the remainder when 11494 is divided by 174?
10
What is the remainder when 3383 is divided by 257?
42
Calculate the remainder when 4878 is divided by 160.
78
Calculate the remainder when 15425 is divided by 700.
25
Calculate the remainder when 29105 is divided by 410.
405
What is the remainder when 1384997 is divided by 1374?
5
What is the remainder when 2999 is divided by 728?
87
Calculate the remainder when 3020 is divided by 976.
92
Calculate the remainder when 9725 is divided by 348.
329
Calculate the remainder when 26309 is divided by 63.
38
What is the remainder when 2759 is divided by 732?
563
Calculate the remainder when 1149 is divided by 152.
85
Calculate the remainder when 36475 is divided by 2795.
14